ist the prime factors of 4233689404.
2, 7, 613, 246661
What are the prime factors of 3658026256?
2, 228626641
What are the prime factors of 80191282?
2, 40095641
What are the prime factors of 434103760?
2, 5, 1483, 3659
What are the prime factors of 246498221?
47, 5244643
What are the prime factors of 269588394?
2, 3, 113, 132541
List the prime factors of 465945601.
11, 127, 333533
List the prime factors of 25735677.
3, 11, 779869
What are the prime factors of 52830392?
2, 61, 73, 1483
List the prime factors of 33192742.
2, 11, 251, 6011
List the prime factors of 155010609.
3, 13, 73, 18149
What are the prime factors of 32717301?
3, 277, 39371
List the prime factors of 361823534.
2, 23, 239, 32911
What are the prime factors of 287632741?
11, 17, 173, 523
List the prime factors of 47835655.
5, 7, 67, 20399
List the prime factors of 1756796226.
2, 3, 31, 191, 49451
What are the prime factors of 392822522?
2, 47, 4178963
What are the prime factors of 892879394?
2, 11, 40585427
List the prime factors of 275780576.
2, 67, 128629
What are the prime factors of 121850304?
2, 3, 43, 14759
What are the prime factors of 516035430?
2, 3, 5, 41, 109, 1283
List the prime factors of 129311545.
5, 11, 79, 29761
List the prime factors of 122874908.
2, 13, 43, 179, 307
List the prime factors of 35726444.
2, 13, 107, 6421
What are the prime factors of 78687423?
3, 661, 4409
What are the prime factors of 205700484?
2, 3, 11, 141667
List the prime factors of 15871772.
2, 7, 283, 2003
List the prime factors of 28807734.
2, 3, 4801289
List the prime factors of 15181352.
2, 1897669
List the prime factors of 63008417.
73, 191, 4519
What are the prime factors of 1007747652?
2, 3, 5953, 14107
List the prime factors of 29150632.
2, 7, 520547
What are the prime factors of 191727961?
29, 563, 11743
List the prime factors of 2074164614.
2, 47, 3779, 5839
What are the prime factors of 26245560?
2, 3, 5, 11, 59, 337
What are the prime factors of 6012304175?
5, 347, 693061
List the prime factors of 309510337.
1549, 199813
List the prime factors of 410132229.
3, 13, 109, 96479
List the prime factors of 3609239609.
3609239609
List the prime factors of 2682215939.
13, 206324303
What are the prime factors of 613265813?
23, 29, 151, 6089
What are the prime factors of 24329935?
5, 7, 695141
List the prime factors of 88852216.
2, 11106527
What are the prime factors of 429796365?
3, 5, 439, 65269
List the prime factors of 232745613.
3, 31, 79, 401
What are the prime factors of 3642530924?
2, 12323, 73897
What are the prime factors of 120578882?
2, 60289441
What are the prime factors of 2634749912?
2, 19, 23, 753647
List the prime factors of 660601414.
2, 11, 30027337
What are the prime factors of 59222898?
2, 3, 7, 443, 1061
What are the prime factors of 612973703?
103, 223, 26687
What are the prime factors of 282741420?
2, 3, 5, 13, 37, 97, 101
List the prime factors of 157540194.
2, 3, 7, 59539
List the prime factors of 6711813.
3, 745757
List the prime factors of 260131196.
2, 13, 23, 263, 827
List the prime factors of 50725003.
7, 19, 109, 3499
List the prime factors of 300904800.
2, 3, 5, 7, 17911
List the prime factors of 115281139.
115281139
List the prime factors of 79962332.
2, 19990583
What are the prime factors of 251743460?
2, 5, 2711, 4643
List the prime factors of 211978296.
2, 3, 327127
List the prime factors of 483801270.
2, 3, 5, 37, 435857
List the prime factors of 12306.
2, 3, 7, 293
What are the prime factors of 677193233?
31, 743, 29401
What are the prime factors of 1080746999?
19, 47, 63697
What are the prime factors of 102166332?
2, 3, 8513861
What are the prime factors of 465722612?
2, 116430653
What are the prime factors of 53594605?
5, 10718921
What are the prime factors of 663363983?
663363983
What are the prime factors of 1229224947?
3, 67, 6115547
List the prime factors of 1613854143.
3, 11, 73, 107, 2087
List the prime factors of 966510033.
3, 31, 10392581
List the prime factors of 639706487.
7, 1571, 58171
What are the prime factors of 5598953625?
3, 5, 61, 157, 1559
List the prime factors of 122082514.
2, 61041257
List the prime factors of 276890156.
2, 563, 122953
List the prime factors of 540478830.
2, 3, 5, 151, 119311
What are the prime factors of 220688473?
23, 31, 309521
List the prime factors of 60819396.
2, 3, 11, 31, 89, 167
List the prime factors of 6674109.
3, 13, 171131
What are the prime factors of 182062632?
2, 3, 41, 53, 3491
List the prime factors of 708859726.
2, 354429863
What are the prime factors of 241148805?
3, 5, 16076587
What are the prime factors of 149187897?
3, 16576433
What are the prime factors of 2847339990?
2, 3, 5, 11, 1187, 2423
List the prime factors of 96341410.
2, 5, 11, 79621
What are the prime factors of 1629447604?
2, 23, 59, 300193
What are the prime factors of 201462341?
201462341
What are the prime factors of 112077112?
2, 7, 29, 9859
What are the prime factors of 205128681?
3, 17, 239, 16829
What are the prime factors of 21208699?
21208699
What are the prime factors of 4797083132?
2, 1199270783
List the prime factors of 365556956.
2, 367, 249017
List the prime factors of 1354641768.
2, 3, 18814469
What are the prime factors of 302243409?
3, 13, 101, 25577
What are the prime factors of 2735919938?
2, 373, 3667453
What are the prime factors of 57617461?
11, 23, 29, 7853
List the prime factors of 796366209.
3, 19, 13971337
What are the prime factors of 36364641?
3, 12121547
List the prime factors of 862318727.
17, 50724631
List the prime factors of 270831712.
2, 37, 59, 3877
List the prime factors of 53448330.
2, 3, 5, 13, 19, 7213
What are the prime factors of 4075180475?
5, 163007219
What are the prime factors of 27864045?
3, 5, 11, 181, 311
What are the prime factors of 931446173?
7, 5227, 25457
What are the prime factors of 238138453?
7, 34019779
List the prime factors of 367296453.
3, 23, 197, 9007
List the prime factors of 573173568.
2, 3, 11, 61, 1483
What are the prime factors of 6860275869?
3, 19, 120355717
List the prime factors of 850632109.
19, 37, 1210003
List the prime factors of 1062407808.
2, 3, 7, 11, 29, 59
What are the prime factors of 151649344?
2, 7, 11, 30773
List the prime factors of 130557874.
2, 65278937
List the prime factors of 13275842.
2, 6637921
What are the prime factors of 13121367?
3, 7, 89261
What are the prime factors of 62773103?
263, 238681
List the prime factors of 182778258.
2, 3, 13, 2343311
What are the prime factors of 572202356?
2, 11, 13004599
What are the prime factors of 532387077?
3, 61, 2909219
List the prime factors of 642861609.
3, 13, 16483631
What are the prime factors of 162815275?
5, 7, 19, 23, 2129
List the prime factors of 144554597.
11, 37, 355171
What are the prime factors of 950043474?
2, 3, 23, 71, 32321
List the prime factors of 117448334.
2, 58724167
What are the prime factors of 989454317?
19, 149, 349507
What are the prime factors of 1386566832?
2, 3, 7, 593, 6959
What are the prime factors of 68025676?
2, 173, 197, 499
What are the prime factors of 3625132699?
4993, 726043
List the prime factors of 109778430.
2, 3, 5, 103, 35527
List the prime factors of 898158969.
3, 33265147
What are the prime factors of 265307896?
2, 7, 59, 1361
What are the prime factors of 558887919?
3, 186295973
What are the prime factors of 108945864?
2, 3, 504379
List the prime factors of 77547552.
2, 3, 807787
List the prime factors of 5421161507.
27697, 195731
What are the prime factors of 7717415467?
2731, 2825857
What are the prime factors of 238910101?
71, 3364931
List the prime factors of 587411980.
2, 5, 19, 81359
What are the prime factors of 125895050?
2, 5, 2517901
What are the prime factors of 99233799?
3, 7, 23, 205453
List the prime factors of 2393219473.
2393219473
What are the prime factors of 91877138?
2, 45938569
What are the prime factors of 4155019430?
2, 5, 1303, 318881
What are the prime factors of 50195341?
7, 7170763
What are the prime factors of 837398962?
2, 418699481
List the prime factors of 2800097945.
5, 61, 151, 163, 373
What are the prime factors of 80769431?
17, 279479
List the prime factors of 46418599.
4159, 11161
What are the prime factors of 49863415?
5, 7, 191, 7459
What are the prime factors of 79531767?
3, 7, 420803
What are the pri